{"id":174,"date":"2025-10-26T14:39:04","date_gmt":"2025-10-26T14:39:04","guid":{"rendered":"https:\/\/judo-hannes.ch\/?page_id=174"},"modified":"2026-03-13T14:17:23","modified_gmt":"2026-03-13T14:17:23","slug":"entdecke-die-kunst-der-kata","status":"publish","type":"page","link":"https:\/\/judo-hannes.ch\/index.php\/entdecke-die-kunst-der-kata\/","title":{"rendered":"Entdecke die Kunst der Kata"},"content":{"rendered":"\n<p>Du liebst Judo und willst tiefer eintauchen? Dann bist du hier genau richtig! Der Kodokan \u2013 das weltber\u00fchmte Zentrum des Judo in Tokio \u2013 stellt offizielle Kata Manuals bereit, die nicht nur die Techniken, sondern auch die Philosophie und Pr\u00e4zision unseres Sports vermitteln.<\/p>\n\n\n\n<p>Diese Manuals sind die Grundlage f\u00fcr das Kata-Training in der Schweiz und bieten dir eine fundierte Orientierung, egal ob du Anf\u00e4nger oder erfahrener Dan-Tr\u00e4ger bist.<\/p>\n\n\n\n<p><strong>Tauche ein in die Welt der Kata \u2013 lerne, verstehe, perfektioniere.<\/strong><\/p>\n\n\n\n<p>Unter den folgenden Links findest du die offiziellen Kodokan Manuals, als PDF, zu den verschiedenen Kata. Viel Spa\u00df beim St\u00f6bern, Lernen und Anwenden!<\/p>\n\n\n\n<ul class=\"wp-block-list\">\n<li><a href=\"https:\/\/judo-hannes.ch\/wp-content\/uploads\/2026\/03\/nage_no_kata_deutsch.pdf\" data-type=\"attachment\" data-id=\"205\" target=\"_blank\" rel=\"noreferrer noopener\">Nage-no-kata (deutsch)<\/a><\/li>\n\n\n\n<li><a href=\"https:\/\/kdkjd.org\/wp-content\/uploads\/2024\/07\/Kata-textbook-Nage-no-Kata-2nd-20150415.pdf\" target=\"_blank\" rel=\"noreferrer noopener\">Nage-no-kata (englisch)<\/a><\/li>\n\n\n\n<li><a href=\"https:\/\/kdkjd.org\/wp-content\/uploads\/2024\/10\/katame_no_kata.pdf\" target=\"_blank\" rel=\"noreferrer noopener\">Katame-no-kata<\/a><\/li>\n\n\n\n<li><a href=\"https:\/\/kdkjd.org\/wp-content\/uploads\/2024\/07\/kime_no_kata.pdf\" target=\"_blank\" rel=\"noreferrer noopener\">Kime-no-kata<\/a><\/li>\n\n\n\n<li><a href=\"https:\/\/kdkjd.org\/wp-content\/uploads\/2024\/07\/ju_no_kata.pdf\" target=\"_blank\" rel=\"noreferrer noopener\">Ju-no-kata<\/a><\/li>\n\n\n\n<li><a href=\"https:\/\/kdkjd.org\/wp-content\/uploads\/2024\/07\/goshin_jutsu.pdf\" target=\"_blank\" rel=\"noreferrer noopener\">Kodokan Goshin-Jutsu<\/a><\/li>\n\n\n\n<li><a href=\"https:\/\/kdkjd.org\/wp-content\/uploads\/2025\/01\/Itsutsu-no-Kata.pdf\" target=\"_blank\" rel=\"noreferrer noopener\">Itsutsu-no-kata<\/a><\/li>\n\n\n\n<li><a href=\"https:\/\/kdkjd.org\/wp-content\/uploads\/2025\/01\/Koshiki-no-Kata.pdf\" target=\"_blank\" rel=\"noreferrer noopener\">Koshiki-no-kata<\/a><\/li>\n<\/ul>\n\n\n\n<p><a href=\"https:\/\/kdkjd.org\/kodokan-kata-textbook\/\" target=\"_blank\" rel=\"noreferrer noopener\">Kodokan Kata Textbook<\/a><\/p>\n\n\n\n<p><strong>Noch mehr Kata erleben \u2013 mit dem Kodokan YouTube-Kanal.<\/strong><\/p>\n\n\n\n<p>Du willst sehen, wie Kata in Perfektion aussieht? Dann wirf einen Blick auf den offiziellen <strong><a href=\"https:\/\/www.youtube.com\/@KODOKANJUDO\" target=\"_blank\" rel=\"noreferrer noopener\">Kodokan YouTube-Kanal<\/a><\/strong>! Dort findest du hochwertige Videos zu den verschiedenen Kata, demonstriert von erfahrenen Meistern \u2013 eine ideale Erg\u00e4nzung zu den Manuals.<\/p>\n\n\n\n<p><\/p>\n","protected":false},"excerpt":{"rendered":"<p>Du liebst Judo und willst tiefer eintauchen? Dann bist du hier genau richtig! Der Kodokan \u2013 das weltber\u00fchmte Zentrum des Judo in Tokio \u2013 stellt offizielle Kata Manuals bereit, die nicht nur die Techniken, sondern auch die Philosophie und Pr\u00e4zision unseres Sports vermitteln. Diese Manuals sind die Grundlage f\u00fcr das Kata-Training in der Schweiz und &hellip; <\/p>\n<p class=\"link-more\"><a href=\"https:\/\/judo-hannes.ch\/index.php\/entdecke-die-kunst-der-kata\/\" class=\"more-link\"><span class=\"screen-reader-text\">\u201eEntdecke die Kunst der Kata\u201c<\/span> weiterlesen<\/a><\/p>\n","protected":false},"author":1,"featured_media":0,"parent":0,"menu_order":0,"comment_status":"closed","ping_status":"closed","template":"","meta":{"footnotes":""},"class_list":["post-174","page","type-page","status-publish","hentry"],"_links":{"self":[{"href":"https:\/\/judo-hannes.ch\/index.php\/wp-json\/wp\/v2\/pages\/174","targetHints":{"allow":["GET"]}}],"collection":[{"href":"https:\/\/judo-hannes.ch\/index.php\/wp-json\/wp\/v2\/pages"}],"about":[{"href":"https:\/\/judo-hannes.ch\/index.php\/wp-json\/wp\/v2\/types\/page"}],"author":[{"embeddable":true,"href":"https:\/\/judo-hannes.ch\/index.php\/wp-json\/wp\/v2\/users\/1"}],"replies":[{"embeddable":true,"href":"https:\/\/judo-hannes.ch\/index.php\/wp-json\/wp\/v2\/comments?post=174"}],"version-history":[{"count":10,"href":"https:\/\/judo-hannes.ch\/index.php\/wp-json\/wp\/v2\/pages\/174\/revisions"}],"predecessor-version":[{"id":206,"href":"https:\/\/judo-hannes.ch\/index.php\/wp-json\/wp\/v2\/pages\/174\/revisions\/206"}],"wp:attachment":[{"href":"https:\/\/judo-hannes.ch\/index.php\/wp-json\/wp\/v2\/media?parent=174"}],"curies":[{"name":"wp","href":"https:\/\/api.w.org\/{rel}","templated":true}]}}