{"id":148,"date":"2020-03-31T17:53:10","date_gmt":"2020-03-31T17:53:10","guid":{"rendered":"https:\/\/judo-hannes.ch\/?page_id=148"},"modified":"2020-03-31T17:53:10","modified_gmt":"2020-03-31T17:53:10","slug":"fuenf-tibeter","status":"publish","type":"page","link":"https:\/\/judo-hannes.ch\/index.php\/fuenf-tibeter\/","title":{"rendered":"F\u00fcnf Tibeter"},"content":{"rendered":"\n<p>Der Name\u00a0<strong>F\u00fcnf Tibeter<\/strong>\u00a0steht f\u00fcr eine Abfolge von f\u00fcnf \u00dcbungen, die den K\u00f6rper und Geist gesund halten sollen.  Angeblich werden sie seit Jahrhunderten von\u00a0M\u00f6nchen\u00a0in\u00a0Tibet\u00a0erfolgreich praktiziert. <\/p>\n\n\n\n<p>Mehr Infos <a rel=\"noreferrer noopener\" aria-label=\"Wikipedia F\u00fcnf Tibeter (\u00f6ffnet in neuem Tab)\" href=\"https:\/\/de.wikipedia.org\/wiki\/F%C3%BCnf_Tibeter\" target=\"_blank\">Wikipedia F\u00fcnf Tibeter<\/a><\/p>\n\n\n\n<figure class=\"wp-block-embed-youtube wp-block-embed is-type-video is-provider-youtube wp-embed-aspect-16-9 wp-has-aspect-ratio\"><div class=\"wp-block-embed__wrapper\">\n<iframe loading=\"lazy\" title=\"Yoga | 5 Tibeter: Die Kraft der Entspannung - Unity Training\" width=\"525\" height=\"295\" src=\"https:\/\/www.youtube.com\/embed\/Z1A3dfI6Kxg?feature=oembed\" frameborder=\"0\" allow=\"accelerometer; autoplay; clipboard-write; encrypted-media; gyroscope; picture-in-picture; web-share\" referrerpolicy=\"strict-origin-when-cross-origin\" allowfullscreen><\/iframe>\n<\/div><\/figure>\n","protected":false},"excerpt":{"rendered":"<p>Der Name\u00a0F\u00fcnf Tibeter\u00a0steht f\u00fcr eine Abfolge von f\u00fcnf \u00dcbungen, die den K\u00f6rper und Geist gesund halten sollen. Angeblich werden sie seit Jahrhunderten von\u00a0M\u00f6nchen\u00a0in\u00a0Tibet\u00a0erfolgreich praktiziert. Mehr Infos Wikipedia F\u00fcnf Tibeter<\/p>\n","protected":false},"author":1,"featured_media":0,"parent":0,"menu_order":0,"comment_status":"closed","ping_status":"closed","template":"","meta":{"footnotes":""},"class_list":["post-148","page","type-page","status-publish","hentry"],"_links":{"self":[{"href":"https:\/\/judo-hannes.ch\/index.php\/wp-json\/wp\/v2\/pages\/148","targetHints":{"allow":["GET"]}}],"collection":[{"href":"https:\/\/judo-hannes.ch\/index.php\/wp-json\/wp\/v2\/pages"}],"about":[{"href":"https:\/\/judo-hannes.ch\/index.php\/wp-json\/wp\/v2\/types\/page"}],"author":[{"embeddable":true,"href":"https:\/\/judo-hannes.ch\/index.php\/wp-json\/wp\/v2\/users\/1"}],"replies":[{"embeddable":true,"href":"https:\/\/judo-hannes.ch\/index.php\/wp-json\/wp\/v2\/comments?post=148"}],"version-history":[{"count":1,"href":"https:\/\/judo-hannes.ch\/index.php\/wp-json\/wp\/v2\/pages\/148\/revisions"}],"predecessor-version":[{"id":149,"href":"https:\/\/judo-hannes.ch\/index.php\/wp-json\/wp\/v2\/pages\/148\/revisions\/149"}],"wp:attachment":[{"href":"https:\/\/judo-hannes.ch\/index.php\/wp-json\/wp\/v2\/media?parent=148"}],"curies":[{"name":"wp","href":"https:\/\/api.w.org\/{rel}","templated":true}]}}